= -g**3 - 31*g**2 + 29*g - 432. What are the prime factors of s(-54)?
2, 3, 5, 241
Let p = -140 - -145. Suppose 3*j = 3*b - 1545, -6*j = -p*b - 4*j + 2581. What are the prime factors of b?
11, 47
Let w = -95837 + 146597. List the prime factors of w.
2, 3, 5, 47
Let b(c) = 13*c - 14*c + 2 + 15*c + 67*c - 208. List the prime factors of b(11).
5, 137
Let y(p) = 2*p**3 - 182*p**2 + 133*p - 107. List the prime factors of y(91).
2, 2999
Let f = -2332 + 3610. Suppose 25 = 5*s, -4*a + f = s - 535. List the prime factors of a.
2, 113
List the prime factors of ((-923868)/(-144))/(2/(-11) + 266/616).
11, 2333
Let l = 5349 + -5146. What are the prime factors of l?
7, 29
Suppose -5*g = x - 46283 - 100801, 2*g - 5*x = 58866. What are the prime factors of g?
2, 3, 4903
Let w(d) = -d**2 - 13*d - 25. Let z be w(-10). Suppose 9*r - 4*r = z*f - 895, 2*f + r = 364. List the prime factors of f.
181
Suppose 7*q - 4*a = 3*q - 4, -3*q = -2*a - 1. Suppose 0 = q*b + 33 - 45. Suppose 2*o - 3*m - 90 = 0, b*o + 6*m - 136 = m. What are the prime factors of o?
3, 13
Let u(o) = 136*o**2 - 3*o + 2. Let q be u(1). Suppose -q*j - 618 = -141*j. List the prime factors of j.
103
Suppose -14445 = -q - 17*j + 14*j, 0 = -2*q - 4*j + 28890. List the prime factors of q.
3, 5, 107
Suppose -7*n = -4*n - 273. Suppose n - 6 = -q. List the prime factors of (0 + q)*(-4)/10.
2, 17
Let w = 20 + -19. Let x be (((-8)/12)/2)/(w/3). List the prime factors of 3*x*11/(-33) + 36.
37
Suppose -5*a + 715 = -7*p + 3*p, -4*a + 613 = 5*p. Let c = -31 + a. What are the prime factors of c?
2, 29
Let a(n) = 101*n**2 - 3*n + 10. Let z be a(3). Let y = 1325 - z. Suppose 4*d + 2*k - 418 = 0, -4*d + 0*d + k = -y. What are the prime factors of d?
2, 13
Let t(v) be the first derivative of 241*v**2/2 + 111*v - 112. List the prime factors of t(4).
5, 43
Suppose -5*a + 152 = 2*x, -5*a + 218 = 3*x - 0*x. Suppose -2*u - 3*r = 43 + x, 0 = 2*u + 2*r + 114. Let w = 164 + u. What are the prime factors of w?
2, 3, 17
Let n(f) = 10*f**2 + 12*f + 96. Let g be n(-10). Suppose i = -4*i - 2*q + 4868, -i + g = q. What are the prime factors of i?
2, 3
Let s be (-7*20/420)/(2/(-354)). Suppose 3*t - 159 = -4*r, t = -4*t + 3*r + 294. Let b = s - t. What are the prime factors of b?
2
Let j = 12559 + -6417. List the prime factors of j.
2, 37, 83
Let l be (-660)/88*(-4)/10. Suppose -19*u = l*u - 21076. List the prime factors of u.
2, 479
Let w = 15692 - 9033. What are the prime factors of w?
6659
Suppose 3*r - x = 7168, -5*r + r - 5*x = -9532. Suppose 2*w + 4*w = r. What are the prime factors of w?
2, 199
Let f(x) = 5*x**2 + 18*x + 5. Let h(t) = 4*t**2 + 18*t + 5. Let b(v) = 5*f(v) - 6*h(v). Let s be b(14). Let l = 171 + s. What are the prime factors of l?
2, 5, 11
Let n = -10070 + 14661. Suppose -8*b + 12159 = n. List the prime factors of b.
2, 11, 43
Suppose -4*o = -5*c - 34091, 38716 = 4*o - 2*c + 4610. What are the prime factors of o?
3, 2843
Let u be (65/15 + -5)/((-2)/78). Suppose -u*w = -31*w + 20. Suppose -m = -s - 176, -2*m + 712 = 2*m + w*s. List the prime factors of m.
3, 59
What are the prime factors of 88/24*-10311*-1?
7, 11, 491
Let x(y) = -4*y - 46. Let z be x(-13). List the prime factors of (-1)/(-4)*(-2 + z) + 123.
2, 31
Let g(p) = -6*p + 3 + 3 + 9*p - 2. Let u be g(-3). What are the prime factors of (-3 + (-1)/(2/68))*u?
5, 37
Let l = -5873 - -12175. List the prime factors of l.
2, 23, 137
Suppose 47*o - 1356402 = -22*o. List the prime factors of o.
2, 9829
Suppose -28272 = 81*p - 155680 - 208499. List the prime factors of p.
11, 13, 29
Let m be (-100)/(-8)*(-30)/25. List the prime factors of (-2 + (-1239)/(-6))*(-60)/m.
2, 409
Suppose -2*o = 3*z - 51, -4*z + 3*o = -3 - 48. Suppose 2*p = -p - z. Let h(v) = -8*v - 22. What are the prime factors of h(p)?
2, 3
Let q be (44/(-56) - 2/(-7))*0. Suppose t - j + 8 = q, -t - 1 = 5*j + 1. Let h(g) = -13*g + 12. What are the prime factors of h(t)?
103
Suppose 102*n - 78*n = 5760. Let q be (-934)/(-6) + (-2)/(-6). Let x = n - q. What are the prime factors of x?
2, 3, 7
List the prime factors of (237037/586)/(2/136).
2, 17, 809
Suppose 4*m - 40932 = -20*r + 22*r, 20456 = 2*m + 4*r. What are the prime factors of m?
2, 1279
Suppose -1357 = -2*n - 1533. Suppose 0 = -g - 3*j - 207, j - 569 = 4*g + 285. Let d = n - g. List the prime factors of d.
5
Suppose 4 = -0*k + k. Suppose -k*s + 744 = i - 0*i, 4*i + 764 = 4*s. What are the prime factors of s?
11, 17
Let p = 61589 - 32572. List the prime factors of p.
29017
Suppose 0 = -5*n - 3*j + 18296, 0 = -8*j + 7*j + 7. What are the prime factors of n?
5, 17, 43
Suppose 7 = -3*i - 2. Let d(u) = 3*u**2 - 8. Let h be d(i). Let t(l) = -l**3 + 19*l**2 + 5*l - 44. What are the prime factors of t(h)?
3, 17
Let m = -64 + 67. Suppose -2*z = 2*s - 66, -5*z + 4*s = -76 - 62. Let a = z + m. List the prime factors of a.
3, 11
List the prime factors of (-24062)/(-6) - 38*20/570.
19, 211
Suppose 92 = -16*j + 18*j. Let y = 78 - j. Suppose -2*t + 140 = y. What are the prime factors of t?
2, 3
Suppose -299*w + 782175 + 1725837 = 0. What are the prime factors of w?
2, 3, 233
Let f(q) = 165*q - 20. Let b = 505 + -504. What are the prime factors of f(b)?
5, 29
Let z(x) = 3*x**2 - 19*x + 1. Let a(n) = n + 17. Let j(y) = -1. Let t(d) = a(d) - 6*j(d). Let k be t(-13). List the prime factors of z(k).
3, 37
Let m = -7141 + 17043. List the prime factors of m.
2, 4951
Suppose 215858 = 119*h - 45*h. List the prime factors of h.
2917
What are the prime factors of (-6808)/(-276)*(-17118)/(-12)?
3, 37, 317
Let z be (-5 - -15)*-1*-2. Suppose z*g = 29*g - 3177. What are the prime factors of g?
353
Let m = 285 + 8714. List the prime factors of m.
8999
Suppose -8 = 2*o - 4*o. Suppose 2460 = 8*d - 5*d. Suppose 0 = 8*k - o*k - d. What are the prime factors of k?
5, 41
Let u be 2/(8/(-6)*15/(-12770)). Suppose -4*k + 5*j = -u, 5*j - 288 = -k - 0*k. Suppose -k = -2*o + 79. List the prime factors of o.
2, 7
Let l(k) = -4*k + 18 + 0*k - 1 - 9. Let u be l(-6). Suppose 0*q = -2*p - 3*q + 20, 4*q + u = p. List the prime factors of p.
2
Suppose -2*x - 2*z - 2*z = -18270, -2*x - 2*z = -18260. Suppose 22*b - 11797 = x. List the prime factors of b.
3, 317
Suppose -5*m + 53438 = i, 2*m + 5*i - 3529 - 17860 = 0. Suppose -m = -14*n + 2095. What are the prime factors of n?
11, 83
Suppose -34*i - 6489 = -41*i. Let l = i - 497. What are the prime factors of l?
2, 5, 43
Let c(p) = p**3 - 9*p**2 + p - 4. Let z be c(9). Suppose f = z - 0, 3*f = -5*i + 2060. List the prime factors of i.
409
Let q(v) = -217*v - 59. List the prime factors of q(-8).
3, 13, 43
Let b = -35 - -37. Let u = -3 + b. What are the prime factors of 1*1*-26*u?
2, 13
Let i be (-30)/3 - (-2 + -2). Let p be 63/(-14)*(-1 - (-50)/i). Suppose 10*w = 12*w - p. What are the prime factors of w?
3, 7
Suppose -2*g - 83 = 3*a, -4*a - 4*g - 108 = -2*g. List the prime factors of 2/5 + (-17640)/a.
2, 353
Suppose -5*s = -f + 74, -f - 5*s + 30 + 24 = 0. Let p = f + 121. Suppose 165 = 2*o - 0*o - 3*l, -2*o - l + p = 0. List the prime factors of o.
2, 3, 5
Suppose -8*c = -c - 28. Suppose 3*h + 225 = 4*h - r, c*r = 2*h - 448. Suppose -2*t = -4*t + h. List the prime factors of t.
113
Suppose -45664 = -22*j - 11542. What are the prime factors of j?
3, 11, 47
Suppose 0*h + 4*h - 4*f = 8, 0 = -3*h - 4*f + 27. Suppose 3*g - 16 + 1 = 0, -h*a + 3*g + 2055 = 0. What are the prime factors of a?
2, 3, 23
Let h = 1990 - 3010. Let s = -121 - h. List the prime factors of s.
29, 31
Suppose 0 = 5*f + 13*x - 9*x + 12778, -5*f - x = 12787. Let g = -1475 - f. List the prime factors of g.
3, 19
Suppose 13*a - 19 - 20 = 0. Suppose 3*p - 1965 = -4*o, -8*p = -2*o - a*p + 963. What are the prime factors of o?
3, 163
Let w(y) = -y**3 + 10*y**2 + y - 6. Let r be w(10). Let i be ((-10)/15)/(r/786). List the prime factors of (-13)/26*(1 + i).
5, 13
Suppose -6983*v + 6965*v + 307728 = 0. List the prime factors of v.
2, 2137
Suppose -16*v + 18*v - 44*v = -180936. What are the prime factors of v?
2, 3, 359
Suppose 259121 = -12*l + l + 829801. List the prime factors of l.
2, 5, 1297
What are the prime factors of (-405)/30 - -15 - 14359/(-2)?
43, 167
Let l(s) = -s**3 - 12*s**2 - 3*s - 25. Let u be (11/3 - -1)*1*-3. List the prime factors of l(u).
409
Suppose y - 4*c - 11558 = 0